7
What is the hundred thousands digit of 635362?
6
What is the ten thousands digit of 20172466?
7
What is the hundred thousands digit of 132344?
1
What is the units digit of 3032052?
2
What is the tens digit of 459359?
5
What is the units digit of 179639?
9
What is the thousands digit of 158512?
8
What is the tens digit of 3354974?
7
What is the hundreds digit of 13179674?
6
What is the hundreds digit of 6094953?
9
What is the thousands digit of 2796982?
6
What is the hundreds digit of 348479?
4
What is the millions digit of 10810103?
0
What is the ten thousands digit of 4359273?
5
What is the units digit of 15032456?
6
What is the hundred thousands digit of 415699?
4
What is the units digit of 2462939?
9
What is the ten thousands digit of 196125?
9
What is the tens digit of 18284203?
0
What is the hundred thousands digit of 844928?
8
What is the tens digit of 17244?
4
What is the ten thousands digit of 977574?
7
What is the tens digit of 192585?
8
What is the hundred thousands digit of 410403?
4
What is the thousands digit of 2527431?
7
What is the units digit of 25295919?
9
What is the tens digit of 21727067?
6
What is the hundreds digit of 46838?
8
What is the hundred thousands digit of 1120235?
1
What is the millions digit of 7318387?
7
What is the thousands digit of 4099423?
9
What is the ten thousands digit of 3531839?
3
What is the thousands digit of 147041?
7
What is the units digit of 274536?
6
What is the ten thousands digit of 773369?
7
What is the hundreds digit of 377068?
0
What is the tens digit of 384067?
6
What is the units digit of 545879?
9
What is the hundred thousands digit of 1518970?
5
What is the ten thousands digit of 839034?
3
What is the ten thousands digit of 289253?
8
What is the hundreds digit of 167793?
7
What is the hundreds digit of 1816022?
0
What is the hundreds digit of 91971?
9
What is the hundreds digit of 11823508?
5
What is the ten thousands digit of 7650000?
5
What is the tens digit of 6602705?
0
What is the ten thousands digit of 7749636?
4
What is the ten thousands digit of 247125?
4
What is the units digit of 6112004?
4
What is the thousands digit of 939861?
9
What is the units digit of 14132414?
4
What is the thousands digit of 1516958?
6
What is the hundreds digit of 182259?
2
What is the millions digit of 6682729?
6
What is the units digit of 438233?
3
What is the hundred thousands digit of 2873865?
8
What is the hundred thousands digit of 490168?
4
What is the thousands digit of 18463411?
3
What is the units digit of 430744?
4
What is the thousands digit of 132093?
2
What is the tens digit of 1419111?
1
What is the units digit of 1000652?
2
What is the thousands digit of 211818?
1
What is the hundred thousands digit of 7386692?
3
What is the tens digit of 150149?
4
What is the millions digit of 8712389?
8
What is the millions digit of 2266908?
2
What is the hundred thousands digit of 13638082?
6
What is the tens digit of 21801?
0
What is the units digit of 794308?
8
What is the hundred thousands digit of 549683?
5
What is the tens digit of 874401?
0
What is the hundreds digit of 5737199?
1
What is the units digit of 97865?
5
What is the thousands digit of 5635530?
5
What is the units digit of 12435550?
0
What is the units digit of 4743921?
1
What is the units digit of 88699?
9
What is the hundred thousands digit of 2467602?
4
What is the tens digit of 666543?
4
What is the hundreds digit of 315834?
8
What is the thousands digit of 412823?
2
What is the thousands digit of 51078?
1
What is the hundred thousands digit of 3705468?
7
What is the hundred thousands digit of 981295?
9
What is the hundred thousands digit of 2855582?
8
What is the millions digit of 3994396?
3
What is the ten thousands digit of 1882960?
8
What is the units digit of 240449?
9
What is the units digit of 133112?
2
What is the hundred thousands digit of 425152?
4
What is the hundred thousands digit of 123991?
1
What is the units digit of 69518?
8
What is the hundred thousands digit of 1558294?
5
What is the ten thousands digit of 521121?
2
What is the tens digit of 897179?
7
What is the millions digit of 12347728?
2
What is the thousands digit of 8317913?
7
What is the ten thousands digit of 3973771?
7
What is the thousands digit of 476272?
6
What is the hundreds digit of 16321491?
4
What is the thousands digit of 104289?
4
What is the ten millions digit of 27733976?
2
What is the tens digit of 8605514?
1
What is the tens digit of 51132?
3
What is the ten thousands digit of 174619?
7
What is the ten thousands digit of 239772?
3
What is the hundreds digit of 125974?
9
What is the hundred thousands digit of 223081?
2
What is the thousands digit of 9222089?
2
What is the tens digit of 4242589?
8
What is the ten millions digit of 11572273?
1
What is the tens digit of 53442?
4
What is the hundred thousands digit of 6883251?
8
What is the thousands digit of 1370513?
0
What is the hundred thousands digit of 316490?
3
What is the units digit of 4885469?
9
What is the tens digit of 8001864?
6
What is the millions digit of 3213907?
3
What is the hundreds digit of 536767?
7
What is the thousands digit of 74287?
4
What is the hundreds digit of 266549?
5
What is the tens digit of 5195267?
6
What is the units digit of 6682990?
0
What is the tens digit of 310688?
8
What is the ten millions digit of 33201372?
3
What is the tens digit of 1599079?
7
What is the units digit of 243032?
2
What is the tens digit of 2837680?
8
What is the ten thousands digit of 14504345?
0
What is the ten thousands digit of 4041127?
4
What is the hundreds digit of 1777358?
3
What is the tens digit of 251400?
0
What is the thousands digit of 4922355?
2
What is the thousands digit of 541611?
1
What is the units digit of 3532653?
3
What is the thousands digit of 975600?
5
What is the units digit of 378515?
5
What is the units digit of 784?
4
What is the units digit of 719234?
4
What is the hundreds digit of 7536523?
5
What is the ten thousands digit of 432014?
3
What is the millions digit of 1021519?
1
What is the thousands digit of 108199?
8
What is the thousands digit of 5230328?
0
What is the tens digit of 524947?
4
What is the tens digit of 15104635?
3
What is the ten millions digit of 14559494?
1
What is the thousands digit of 30413?
0
What is the millions digit of 11966426?
1
What is the hundred thousands digit of 7804894?
8
What is the hundred thousands digit of 7212633?
2
What is the millions digit of 17313354?
7
What is the tens digit of 182904?
0
What is the ten millions digit of 11174061?
1
What is the thousands digit of 186088?
6
What is the ten thousands digit of 3500005?
0
What is the units digit of 818285?
5
What is the hundreds digit of 2276654?
6
What is the units digit of 360275?
5
What is the ten thousands digit of 309324?
0
What is the units digit of 527367?
7
What is the thousands digit of 88332?
8
What is the thousands digit of 1914031?
4
What is the millions digit of 1034068?
1
What is the tens digit of 509366?
6
What is the millions digit of 4259609?
4
What is the thousands digit of 46542?
6
What is the hundred thousands digit of 1276779?
2
What is the thousands digit of 245272?
5
What is the tens digit of 1478315?
1
What is the ten thousands digit of 2056947?
5
What is the ten thousands digit of 391541?
9
What is the hundred thousands digit of 3532070?
5
What is the millions digit of 5001307?
5
What is the units digit of 28826?
6
What is the hundreds digit of 7287370?
3
What is the ten thousands digit of 22424834?
2
What is the hundred thousands digit of 3663474?
6
What is the units digit of 142653?
3
What is the ten thousands digit of 1207020?
0
What is the thousands digit of 681619?
1
What is the ten thousands digit of 35472?
3
What is the ten thousands digit of 1995526?
9
What is the thousands digit of 29009094?
9
What is the tens digit of 4559656?
5
What is the hundred thousands digit of 221003?
2
What is the thousands digit of 28109105?
9
What is the units digit of 573033?
3
What is the hundreds digit of 968789?
7
What is the units digit of 2594?
4
What is the millions digit of 4541894?
4
What is the tens digit of 222127?
2
What is the hundreds digit of 14832580?
5
What is the units digit of 921289?
9
What is the hundreds digit of 33931